52126?
True
Is 37972389 a multiple of 12?
False
Does 117 divide 85515534?
True
Does 945 divide 140628285?
True
Is 8190 a factor of 1448303220?
True
Is 78964584 a multiple of 273?
False
Is 1006 a factor of 7961366?
False
Does 51 divide 567382089?
True
Is 46 a factor of 191623834?
False
Is 388 a factor of 30718508?
False
Is 11 a factor of 27927933?
True
Is 821924007 a multiple of 464?
False
Is 52 a factor of 15752880?
True
Is 681 a factor of 2953198053?
False
Does 1500 divide 102763500?
True
Is 93733848 a multiple of 936?
True
Does 218 divide 657623814?
True
Does 65 divide 4165130060?
True
Is 300 a factor of 2335407?
False
Is 360904186 a multiple of 7?
False
Is 279 a factor of 15608934?
True
Is 4942 a factor of 356794377?
False
Does 11077 divide 100136080?
True
Is 417 a factor of 4291357008?
True
Does 21 divide 1074792453?
True
Is 692 a factor of 4921053?
False
Is 22 a factor of 777019919?
False
Does 529 divide 1346670010?
True
Is 752 a factor of 2364993?
False
Is 28 a factor of 21554232?
True
Is 462445 a multiple of 418?
False
Is 70 a factor of 252595350?
True
Does 280 divide 16800541?
False
Is 128 a factor of 271945467?
False
Is 32919285 a multiple of 35?
True
Is 430 a factor of 27563136?
False
Is 8468490 a multiple of 188?
False
Is 1661009847 a multiple of 40?
False
Is 180 a factor of 356407507?
False
Is 16412787 a multiple of 2005?
False
Is 8 a factor of 72615072?
True
Is 171074540 a multiple of 5?
True
Is 13321778 a multiple of 1262?
False
Is 14472303 a multiple of 24?
False
Is 910070400 a multiple of 8068?
True
Does 108 divide 713894040?
True
Is 11 a factor of 108226338?
True
Does 15 divide 35319615?
True
Is 30 a factor of 113617610?
False
Is 29 a factor of 6214936?
False
Does 20 divide 202866443?
False
Is 121341135 a multiple of 13?
False
Is 272 a factor of 6632108?
False
Is 9 a factor of 742198478?
False
Is 177282765 a multiple of 4257?
True
Is 311 a factor of 55421635?
False
Is 12450329 a multiple of 232?
False
Is 599362200 a multiple of 5100?
True
Is 94259322 a multiple of 17?
True
Does 1791 divide 109497224?
False
Is 41 a factor of 8637708?
False
Does 124 divide 726373437?
False
Does 616 divide 44994513?
False
Is 2800 a factor of 667502102?
False
Is 919 a factor of 6364262?
False
Is 627014332 a multiple of 1890?
False
Does 26 divide 8597367?
False
Is 10042077 a multiple of 241?
False
Is 56 a factor of 26023423?
False
Is 3476 a factor of 161298590?
False
Does 33 divide 49804095?
True
Is 11 a factor of 20241162?
False
Is 372 a factor of 1164838178?
False
Does 1598 divide 343579588?
True
Is 791175 a multiple of 231?
True
Does 25 divide 651674174?
False
Does 1333 divide 40518487?
False
Is 4 a factor of 17196657?
False
Is 91 a factor of 147063735?
True
Is 1494 a factor of 55385137?
False
Is 4344641724 a multiple of 3378?
True
Is 336 a factor of 162493460?
False
Does 42 divide 23562084?
True
Is 1882 a factor of 35143624?
False
Does 159 divide 477002067?
True
Does 345 divide 43579365?
True
Does 7 divide 926966215?
True
Is 18280421 a multiple of 1926?
False
Does 2990 divide 344169930?
True
Is 1409 a factor of 84492094?
True
Does 11 divide 358?
False
Does 314 divide 408983116?
True
Is 28 a factor of 4930044?
True
Does 33 divide 42168753?
True
Does 101 divide 1247128320?
False
Does 56 divide 719467112?
True
Is 1398150046 a multiple of 123?
False
Is 40481922 a multiple of 1014?
True
Is 14 a factor of 112488670?
True
Is 1541 a factor of 33747016?
False
Does 4 divide 1798630228?
True
Is 2902770 a multiple of 10?
True
Is 482 a factor of 20812760?
True
Is 123 a factor of 77429853?
True
Is 443 a factor of 61240814?
False
Is 474469182 a multiple of 99?
True
Is 755 a factor of 3047774?
False
Is 1194 a factor of 111893111?
False
Is 39261936 a multiple of 21?
True
Is 1224024760 a multiple of 1655?
True
Does 822 divide 595899036?
True
Is 264347200 a multiple of 5728?
True
Does 19 divide 5844587?
False
Does 4657 divide 169458916?
True
Does 11 divide 13967036?
False
Is 1093642134 a multiple of 129?
True
Is 216 a factor of 181414964?
False
Is 5266629 a multiple of 57?
True
Does 182 divide 4069884?
True
Does 57 divide 2777949549?
True
Does 18 divide 17698261?
False
Does 8264 divide 1481065816?
True
Does 32 divide 4910784?
True
Does 3 divide 188030647?
False
Does 66 divide 40565844?
True
Is 27 a factor of 83645157?
False
Is 71428725 a multiple of 128?
False
Is 847212658 a multiple of 63?
False
Is 243189157 a multiple of 309?
False
Does 1082 divide 51917606?
True
Does 13 divide 1308386417?
True
Does 141 divide 22384596?
True
Does 2473 divide 67925891?
True
Does 2888 divide 169693185?
False
Is 61 a factor of 5768657?
False
Is 1357 a factor of 23059022?
False
Is 296415 a multiple of 17?
False
Does 27 divide 511069292?
False
Is 130459387 a multiple of 2939?
False
Is 168226929 a multiple of 377?
False
Does 3 divide 98586272?
False
Is 281 a factor of 37344399?
False
Does 74 divide 7453502?
True
Is 7 a factor of 259199047?
False
Is 1044 a factor of 61816284?
True
Is 148100195 a multiple of 2555?
False
Is 32 a factor of 597275040?
True
Is 9971819 a multiple of 143?
True
Is 825863764 a multiple of 6332?
True
Does 2407 divide 643525892?
True
Is 267 a factor of 134827865?
False
Is 5829 a factor of 586556155?
False
Is 848351232 a multiple of 48?
True
Is 158 a factor of 16124058?
True
Is 11724900 a multiple of 68?
True
Is 21508122 a multiple of 129?
False
Does 121 divide 33435688?
True
Is 120792160 a multiple of 388?
True
Is 190 a factor of 160202147?
False
Does 51 divide 41472384?
True
Is 1771118 a multiple of 2?
True
Is 7069 a factor of 203508493?
False
Does 12254 divide 466068636?
True
Does 838 divide 68922704?
False
Is 126441504 a multiple of 36?
True
Is 17626349 a multiple of 8?
False
Is 593 a factor of 164439559?
False
Is 1385 a factor of 1097535825?
False
Is 473308574 a multiple of 571?
False
Is 1745602 a multiple of 41?
False
Is 2467 a factor of 159096830?
True
Is 176 a factor of 406172624?
True
Does 718 divide 107918990?
True
Is 59 a factor of 1582178928?
True
Is 459 a factor of 1511040884?
False
Is 37 a factor of 40647190?
False
Is 3055608405 a multiple of 171?
True
Is 82345630 a multiple of 28?
False
Is 3 a factor of 48133329?
True
Is 16 a factor of 8408259?
False
Does 58 divide 2753550?
True
Is 60153948 even?
True
Is 2171172432 a multiple of 286?
True
Does 1026 divide 42047532?
True
Is 1063 a factor of 18415412?
True
Is 661 a factor of 187522424?
False
Is 30 a factor of 1093572090?
True
Does 48 divide 97971936?
True
Is 27 a factor of 620003160?
True
Is 847045782 a multiple of 659?
False
Does 2476 divide 1784980588?
True
Is 66 a factor of 71114657?
False
Is 365 a factor of 2424695?
True
Does 9 divide 5160834?
True
Is 255992932 a multiple of 43?
True
Is 654343808 a multiple of 64?
True
Is 790 a factor of 217829070?
True
Is 3597 a factor of 1914999636?
True
Does 16 divide 1422502480?
True
Is 1244568780 a multiple of 5805?
True
Is 36868196 a multiple of 10?
False
Does 52 divide 14909284?
True
Is 70 a factor of 11952780?
True
Is 104 a factor of 60673766?
False
Is 421 a factor of 2638854523?
True
Is 32845059 a multiple of 501?
True
Is 1194888248 a multiple of 68?
True
Does 55 divide 1531915?
True
Is 273703533 even?
False
Is 54 a factor of 142270290?
True
Does 1333 divide 37218693?
True
Is 32 a factor of 689773906?
False
Is 293656 a multiple of 89?
False
Does 20 divide 28388380?
True
Is 21 a factor of 78271589?
False
Does 44 divide 221224?
False
Is 2873 a factor of 14463653?
False
Is 567 a factor of 847951335?
True
Does 397 divide 148042672?
False
Is 190 a factor of 11788170?
True
Is 139 a factor of 157236661?
True
Does 177 divide 980503182?
True
Is 1058354621 a multiple of 71?
False
Is 170275378 a multiple of 70?
False
Does 14 divide 256315476?
False
Does 2826 divide 79506684?
True
Is 956 a factor of 92677493?
False
Is 778 a factor of 15729280?
False
Does 60 divide 159752220?
True
Does 96 divide 404383968?
True
Is 6745368 a multiple of 8?
True
Does 1545 divide 9047520?
True
Is 33714337 a multiple of 8?
False
Does 49 divide 42550767?
True
Is 124 a factor of 512837836?
True
Is 32 a factor of 4154432?
True
Is 419933177 a multiple of 441?
False
Is 126224364 a multiple of 708?
True
Is 601148660 a multiple of 49?
True
Does 170 divide 224672593?
False
Is 80374187 a mul